
0
What is the tens digit of 793637?
3
What is the thousands digit of 10477?
0
What is the hundred thousands digit of 442465?
4
What is the thousands digit of 519129?
9
What is the units digit of 1494380?
0
What is the ten thousands digit of 608863?
0
What is the hundred thousands digit of 598864?
5
What is the hundred thousands digit of 2556688?
5
What is the hundreds digit of 9618484?
4
What is the units digit of 238125?
5
What is the units digit of 1516681?
1
What is the hundreds digit of 822204?
2
What is the hundreds digit of 22898937?
9
What is the thousands digit of 638319?
8
What is the hundreds digit of 2356730?
7
What is the units digit of 880?
0
What is the units digit of 1204386?
6
What is the ten thousands digit of 1192199?
9
What is the thousands digit of 394818?
4
What is the thousands digit of 862818?
2
What is the tens digit of 311456?
5
What is the units digit of 207374?
4
What is the thousands digit of 15156771?
6
What is the tens digit of 495949?
4
What is the thousands digit of 101773?
1
What is the units digit of 141264?
4
What is the hundreds digit of 324908?
9
What is the tens digit of 238912?
1
What is the thousands digit of 747892?
7
What is the hundreds digit of 250599?
5
What is the tens digit of 1022099?
9
What is the ten thousands digit of 54773?
5
What is the tens digit of 535580?
8
What is the tens digit of 2290816?
1
What is the hundreds digit of 216569?
5
What is the ten thousands digit of 367590?
6
What is the millions digit of 20020859?
0
What is the hundreds digit of 3309628?
6
What is the ten millions digit of 30771458?
3
What is the units digit of 787830?
0
What is the thousands digit of 894187?
4
What is the units digit of 194397?
7
What is the thousands digit of 31541546?
1
What is the hundred thousands digit of 11488826?
4
What is the ten thousands digit of 1608165?
0
What is the thousands digit of 3759769?
9
What is the units digit of 164858?
8
What is the tens digit of 2275518?
1
What is the ten millions digit of 10861364?
1
What is the millions digit of 2682670?
2
What is the tens digit of 4275639?
3
What is the tens digit of 4724116?
1
What is the tens digit of 12826?
2
What is the hundreds digit of 4690112?
1
What is the tens digit of 269335?
3
What is the tens digit of 601432?
3
What is the units digit of 184944?
4
What is the thousands digit of 6773559?
3
What is the thousands digit of 2159675?
9
What is the tens digit of 4846930?
3
What is the tens digit of 133255?
5
What is the tens digit of 29340016?
1
What is the hundred thousands digit of 2711106?
7
What is the units digit of 60939?
9
What is the hundred thousands digit of 202546?
2
What is the ten thousands digit of 222269?
2
What is the thousands digit of 19534387?
4
What is the thousands digit of 58689?
8
What is the units digit of 369107?
7
What is the units digit of 2061498?
8
What is the ten thousands digit of 7801749?
0
What is the tens digit of 1364218?
1
What is the hundreds digit of 457412?
4
What is the thousands digit of 88370?
8
What is the units digit of 6128012?
2
What is the millions digit of 1441109?
1
What is the hundred thousands digit of 688096?
6
What is the tens digit of 155504?
0
What is the thousands digit of 376056?
6
What is the hundred thousands digit of 5284149?
2
What is the thousands digit of 187930?
7
What is the hundred thousands digit of 18220851?
2
What is the hundreds digit of 1764200?
2
What is the units digit of 106158?
8
What is the millions digit of 5387269?
5
What is the units digit of 214457?
7
What is the hundred thousands digit of 7776177?
7
What is the hundred thousands digit of 3321800?
3
What is the hundred thousands digit of 832158?
8
What is the tens digit of 18930109?
0
What is the tens digit of 768024?
2
What is the units digit of 345076?
6
What is the tens digit of 1414003?
0
What is the hundreds digit of 125037?
0
What is the thousands digit of 7571079?
1
What is the hundreds digit of 7553?
5
What is the tens digit of 5861641?
4
What is the hundreds digit of 11336017?
0
What is the hundred thousands digit of 15377298?
3
What is the ten thousands digit of 21374750?
7
What is the ten thousands digit of 309463?
0
What is the ten thousands digit of 43236?
4
What is the thousands digit of 22335555?
5
What is the hundreds digit of 20761868?
8
What is the hundreds digit of 553154?
1
What is the ten millions digit of 15914037?
1
What is the hundred thousands digit of 19672165?
6
What is the hundred thousands digit of 228122?
2
What is the hundreds digit of 411604?
6
What is the millions digit of 1475551?
1
What is the tens digit of 7514000?
0
What is the thousands digit of 64800?
4
What is the hundred thousands digit of 30426301?
4
What is the ten thousands digit of 446982?
4
What is the hundred thousands digit of 6869234?
8
What is the ten thousands digit of 758402?
5
What is the units digit of 541229?
9
What is the tens digit of 9031621?
2
What is the hundred thousands digit of 408869?
4
What is the hundreds digit of 20821149?
1
What is the hundred thousands digit of 498699?
4
What is the units digit of 3539169?
9
What is the ten thousands digit of 667049?
6
What is the units digit of 663065?
5
What is the tens digit of 115759?
5
What is the thousands digit of 10776437?
6
What is the tens digit of 852528?
2
What is the hundreds digit of 1215337?
3
What is the ten thousands digit of 17713?
1
What is the tens digit of 68574?
7
What is the tens digit of 25696?
9
What is the hundred thousands digit of 379724?
3
What is the ten thousands digit of 928516?
2
What is the ten thousands digit of 144472?
4
What is the tens digit of 379415?
1
What is the units digit of 94048?
8
What is the hundreds digit of 4016624?
6
What is the hundreds digit of 8028763?
7
What is the hundreds digit of 1257419?
4
What is the tens digit of 1867429?
2
What is the units digit of 205672?
2
What is the hundreds digit of 7548856?
8
What is the hundreds digit of 2544574?
5
What is the hundred thousands digit of 22097934?
0
What is the hundred thousands digit of 8831673?
8
What is the tens digit of 265157?
5
What is the tens digit of 2799311?
1
What is the ten thousands digit of 19291768?
9
What is the tens digit of 7852821?
2
What is the hundred thousands digit of 978115?
9
What is the millions digit of 34428888?
4
What is the tens digit of 220973?
7
What is the hundred thousands digit of 6349609?
3
What is the thousands digit of 156316?
6
What is the tens digit of 124193?
9
What is the tens digit of 7693252?
5
What is the thousands digit of 2586043?
6
What is the units digit of 744153?
3
What is the tens digit of 486768?
6
What is the thousands digit of 6548324?
8
What is the hundreds digit of 441358?
3
What is the millions digit of 13666978?
3
What is the units digit of 2436708?
8
What is the thousands digit of 168547?
8
What is the ten thousands digit of 587036?
8
What is the hundreds digit of 2422161?
1
What is the millions digit of 15008747?
5
What is the units digit of 1478816?
6
What is the thousands digit of 1785641?
5
What is the thousands digit of 1419631?
9
What is the hundred thousands digit of 1387212?
3
What is the units digit of 1207048?
8
What is the tens digit of 1289045?
4
What is the tens digit of 5232866?
6
What is the hundred thousands digit of 283727?
2
What is the ten thousands digit of 4296504?
9
What is the units digit of 503750?
0
What is the hundreds digit of 1397415?
4
What is the units digit of 54221?
1
What is the hundred thousands digit of 375586?
3
What is the tens digit of 72045?
4
What is the hundred thousands digit of 7762921?
7
What is the tens digit of 12191955?
5
What is the hundred thousands digit of 11753645?
7
What is the units digit of 14293429?
9
What is the ten thousands digit of 31362?
3
What is the units digit of 37765?
5
What is the ten thousands digit of 983314?
8
What is the thousands digit of 526281?
6
What is the thousands digit of 32922658?
2
What is the tens digit of 601587?
8
What is the millions digit of 1875568?
1
What is the ten thousands digit of 2458094?
5
What is the ten thousands digit of 2104317?
0
What is the hundreds digit of 9272954?
9
What is the thousands digit of 35861?
5
What is the hundreds digit of 442179?
1
What is the ten thousands digit of 1899918?
9
